{"id":1729,"date":"2023-11-27T23:24:06","date_gmt":"2023-11-27T22:24:06","guid":{"rendered":"http:\/\/155.253.20.24\/wordpress\/?page_id=1729"},"modified":"2025-06-09T16:46:08","modified_gmt":"2025-06-09T15:46:08","slug":"cammini-2017","status":"publish","type":"page","link":"https:\/\/www.lteritalia.it\/?page_id=1729","title":{"rendered":"Cammini 2017"},"content":{"rendered":"\n<p>L\u2019iniziativa Cammini LTER \u00e8 giunta nel 2017 alla sua terza edizione, con due Cammini nazionali e la sua adozione a livello internazionale dalla <a href=\"https:\/\/www.ilter.network\/\" target=\"_blank\" rel=\"noreferrer noopener\">Rete ILTER<\/a>, con l&#8217;iniziativa &#8220;Trails\u201d (TRAvelling through ecosystems and bIodiversity: Long-term ecological research for citizens).<\/p>\n\n\n\n<div class=\"wp-block-buttons is-layout-flex wp-block-buttons-is-layout-flex\">\n<div class=\"wp-block-button\"><a class=\"wp-block-button__link wp-element-button\" href=\"http:\/\/www.lteritalia.it\/?p=4182\" target=\"_blank\" rel=\"noreferrer noopener\">Brochure<\/a><\/div>\n<\/div>\n\n\n\n<p><\/p>\n\n\n\n<p class=\"has-text-color has-link-color has-medium-font-size wp-elements-e3b73753473732b42ae3bb55b466f1d6\" style=\"color:#ee9a37\"><strong>Biodiversit\u00e0 in azione sull&#8217;Appennino<\/strong><\/p>\n\n\n\n<p>Il Cammino appenninico si \u00e8 svolto sui monti dell\u2019Abruzzo e ha unito due siti LTER di alta quota, gestiti dai Carabinieri Forestali (ex CFS) e dall\u2019Universit\u00e0 del Molise, dal Gran Sasso alla Majella. Il cammino ha percorso il paesaggio caratteristico della montagna interna dell\u2019Appennino Centrale, dalla mugheta alle praterie di alta quota fino alla tundra alpina, con elevatissimi valori di biodiversit\u00e0, attraversando aree ad alto valore ambientale e turistico, due Parchi Nazionali e una Riserva Statale.<\/p>\n\n\n\n<p>Il Cammino \u00e8 partito il 20 luglio 2017 dal Gran Sasso e \u00e8 proseguito fino alla Majella, dove si \u00e8 concluso il 23 luglio, con attivit\u00e0 di rilevamento della vegetazione e del microclima e osservazioni geologiche e faunistiche lungo tutto il percorso, con l\u2019assistenza di botanici, zoologi e geologi.<\/p>\n\n\n\n<p>Sul Gran Sasso i partecipanti hanno potuto effettuare una breve escursione adatta a tutti attraverso il sito LTER, mentre sulla Majella per raggiungere le pi\u00f9 elevate stazioni di rilevamento LTER (a quota 2700 m) ne \u00e8 stata organizzata una pi\u00f9 impegnativa (adatta solo a persone ben allenate). Momenti speciali hanno visto uniti ricercatori, naturalisti dilettanti e volontari sul Gran Sasso e sulla Majella, con particolari studi intensivi sul campo (\u201cBioblitz\u201d) e cacce al tesoro botanico, per determinare le specie vegetali e animali che vivono in quelle aree.<\/p>\n\n\n\n<p class=\"has-text-color has-link-color has-medium-font-size wp-elements-dbec87930a0ad933f11cca41fbb4e2f6\" style=\"color:#ee9a37\"><strong>Antropica &#8211; Ecosistemi, risorse naturali e impatto dell&#8217;uomo<\/strong><\/p>\n\n\n\n<p>Antropica si \u00e8 svolto in bicicletta, collegando fra loro &#8211; in otto giorni &#8211; il Golfo di Napoli e il Mar Piccolo di Taranto. Aveva come obiettivo la sensibilizzazione dei partecipanti sul tema dell\u2019impatto antropico sugli ecosistemi, sulla perdita di habitat e biodiversit\u00e0 e sulla fragilit\u00e0 degli ecosistemi acquatici a causa dello sfruttamento dei sistemi costieri per attivit\u00e0 industriali e, infine, la condivisione della responsabilit\u00e0 di tutti i comparti della societ\u00e0 nei confronti dell\u2019ambiente. Il percorso di Antropica ha tagliato in senso longitudinale la penisola italiana, tra le regioni Campania, Basilicata e Puglia.<\/p>\n\n\n\n<p>Le attivit\u00e0 di comunicazione sono state rivolte principalmente a studenti delle scuole primarie e secondarie. Durante Antropica si \u00e8 inaugurata una nuova forma di public engagement, i Sea Futuring Tours, un ciclo di laboratori cittadini con l\u2019obiettivo di raccogliere nuovi modi di immaginare il futuro del mare, che si sono svolti nelle due aree costiere italiane (Bagnoli, nel golfo di Napoli e Mar Piccolo, in quello di Taranto) in cui sorgono i due siti LTER toccati da Antropica.<\/p>\n\n\n\n<p>I partecipanti hanno attraversato ecosistemi fortemente antropizzati, prevalentemente lungo le coste di Campania e Puglia, in particolare a causa della presenza di un impianto siderurgico (fabbrica dismessa a Bagnoli e ancora attiva a Taranto, insediata su un lungo tratto di costa delle due citt\u00e0). Il pubblico \u00e8 stato ingaggiato in piccoli e grandi centri delle suddette regioni, che sono state attraversate seguendo un itinerario intersecante numerosi contesti di stampo scientifico-naturalistico significativi per il rapporto uomo-ambiente, come i Golfi di Napoli e Salerno (produzione ittica, trasporto marittimo, industria e turismo), il Parco del Cilento, Vallo di Diano e Alburni (aree SIC e ZPS) e il Parco della Murgia Materana (conservazione della biodiversit\u00e0, degli ecosistemi e la valorizzazione di elementi di utilizzo del territorio tradizionali e a basso impatto ambientale) e l\u2019Acquedotto Pugliese (istituzione di rilevanza nazionale per la gestione della risorsa acqua).<\/p>\n\n\n\n<p>Le esperienze di questo Cammino e del Cammino \u201cTerramare \u2013 Il racconto del cambiamento tra foreste, laghi e mare\u201d del 2016, sono stati raccolti nel libro \u201cANTHROPICA. VIAGGIO NELL&#8217;ITALIA DEL CAMBIAMENTO AMBIENTALE\u201d (Hoepli 2023), i cui autori sono Domenico D\u2019Alelio ed Emanuela Dattolo.<\/p>\n\n\n\n<div class=\"wp-block-group alignfull has-background-color has-white-color has-ast-global-color-2-background-color has-text-color has-background has-link-color wp-elements-1f9b3225682397493ddf21ac8b770549 is-vertical is-content-justification-stretch is-layout-flex wp-container-core-group-is-layout-48a3dbfb wp-block-group-is-layout-flex\" style=\"min-height:40vh;margin-top:0;margin-bottom:0;padding-top:var(--wp--preset--spacing--60);padding-right:var(--wp--preset--spacing--40);padding-bottom:var(--wp--preset--spacing--60);padding-left:var(--wp--preset--spacing--40)\">\n<div class=\"wp-block-columns alignwide has-small-font-size is-layout-flex wp-container-core-columns-is-layout-28f84493 wp-block-columns-is-layout-flex\">\n<div class=\"wp-block-column is-layout-flow wp-block-column-is-layout-flow\">\n<p class=\"has-text-align-center has-luminous-vivid-amber-color has-text-color has-link-color wp-elements-789ece3f7a4c03c2d06ab1c7a828692f\" style=\"font-style:normal;font-weight:700\">Contacts<\/p>\n\n\n\n<p class=\"has-text-align-center\"><strong>Secretariat:<\/strong> Via Roberto Cozzi, 53 20156 Milan (Italy)<\/p>\n\n\n\n<p class=\"has-text-align-center\"><strong>Phone: <\/strong>+02 66173307<\/p>\n\n\n\n<p class=\"has-text-align-center has-ast-global-color-5-color has-text-color has-link-color wp-elements-092d8a5cd32c111fb6f2be94de498da8\"><strong>E-mail: <\/strong><a href=\"mailto:lteritaly@gmail.com\" target=\"_blank\" rel=\"noreferrer noopener\">lteritaly@gmail.com<\/a><\/p>\n\n\n\n<p class=\"has-text-align-center has-ast-global-color-5-color has-text-color has-link-color wp-elements-c411ba111b5b296fa3f87b7593d0c9ce\"><a href=\"http:\/\/155.253.20.24\/wordpress\/?page_id=826&amp;lang=it\" data-type=\"page\" data-id=\"826\" target=\"_blank\" rel=\"noreferrer noopener\"><a href=\"http:\/\/155.253.20.24\/wordpress\/?page_id=826&amp;lang=it\" data-type=\"page\" data-id=\"826\" target=\"_blank\" rel=\"noreferrer noopener\">Contact form<\/a><\/a><\/p>\n\n\n\n<div style=\"height:24px\" aria-hidden=\"true\" class=\"wp-block-spacer\"><\/div>\n<\/div>\n\n\n\n<div class=\"wp-block-column is-layout-flow wp-block-column-is-layout-flow\">\n<p class=\"has-text-align-center has-luminous-vivid-amber-color has-text-color has-link-color wp-elements-637597232a72fb19e8b69749a72c06fa\">Social Media<\/p>\n\n\n<nav class=\"has-small-font-size items-justified-center is-vertical no-wrap wp-block-navigation is-content-justification-center is-nowrap is-layout-flex wp-container-core-navigation-is-layout-34a3ecb2 wp-block-navigation-is-layout-flex\" aria-label=\"Navigation\"><ul class=\"wp-block-navigation__container has-small-font-size items-justified-center is-vertical no-wrap wp-block-navigation has-small-font-size\"><li class=\"wp-block-navigation-item\">\n<ul class=\"wp-block-social-links is-layout-flex wp-block-social-links-is-layout-flex\"><li class=\"wp-social-link wp-social-link-facebook  wp-block-social-link\"><a rel=\"noopener nofollow\" target=\"_blank\" href=\"https:\/\/www.facebook.com\/lteritaly\" class=\"wp-block-social-link-anchor\"><svg width=\"24\" height=\"24\" viewBox=\"0 0 24 24\" version=\"1.1\" xmlns=\"http:\/\/www.w3.org\/2000\/svg\" aria-hidden=\"true\" focusable=\"false\"><path d=\"M12 2C6.5 2 2 6.5 2 12c0 5 3.7 9.1 8.4 9.9v-7H7.9V12h2.5V9.8c0-2.5 1.5-3.9 3.8-3.9 1.1 0 2.2.2 2.2.2v2.5h-1.3c-1.2 0-1.6.8-1.6 1.6V12h2.8l-.4 2.9h-2.3v7C18.3 21.1 22 17 22 12c0-5.5-4.5-10-10-10z\"><\/path><\/svg><span class=\"wp-block-social-link-label screen-reader-text\">Facebook<\/span><\/a><\/li>\n\n<li class=\"wp-social-link wp-social-link-instagram  wp-block-social-link\"><a rel=\"noopener nofollow\" target=\"_blank\" href=\"https:\/\/www.instagram.com\/lteritalia\/\" class=\"wp-block-social-link-anchor\"><svg width=\"24\" height=\"24\" viewBox=\"0 0 24 24\" version=\"1.1\" xmlns=\"http:\/\/www.w3.org\/2000\/svg\" aria-hidden=\"true\" focusable=\"false\"><path d=\"M12,4.622c2.403,0,2.688,0.009,3.637,0.052c0.877,0.04,1.354,0.187,1.671,0.31c0.42,0.163,0.72,0.358,1.035,0.673 c0.315,0.315,0.51,0.615,0.673,1.035c0.123,0.317,0.27,0.794,0.31,1.671c0.043,0.949,0.052,1.234,0.052,3.637 s-0.009,2.688-0.052,3.637c-0.04,0.877-0.187,1.354-0.31,1.671c-0.163,0.42-0.358,0.72-0.673,1.035 c-0.315,0.315-0.615,0.51-1.035,0.673c-0.317,0.123-0.794,0.27-1.671,0.31c-0.949,0.043-1.233,0.052-3.637,0.052 s-2.688-0.009-3.637-0.052c-0.877-0.04-1.354-0.187-1.671-0.31c-0.42-0.163-0.72-0.358-1.035-0.673 c-0.315-0.315-0.51-0.615-0.673-1.035c-0.123-0.317-0.27-0.794-0.31-1.671C4.631,14.688,4.622,14.403,4.622,12 s0.009-2.688,0.052-3.637c0.04-0.877,0.187-1.354,0.31-1.671c0.163-0.42,0.358-0.72,0.673-1.035 c0.315-0.315,0.615-0.51,1.035-0.673c0.317-0.123,0.794-0.27,1.671-0.31C9.312,4.631,9.597,4.622,12,4.622 M12,3 C9.556,3,9.249,3.01,8.289,3.054C7.331,3.098,6.677,3.25,6.105,3.472C5.513,3.702,5.011,4.01,4.511,4.511 c-0.5,0.5-0.808,1.002-1.038,1.594C3.25,6.677,3.098,7.331,3.054,8.289C3.01,9.249,3,9.556,3,12c0,2.444,0.01,2.751,0.054,3.711 c0.044,0.958,0.196,1.612,0.418,2.185c0.23,0.592,0.538,1.094,1.038,1.594c0.5,0.5,1.002,0.808,1.594,1.038 c0.572,0.222,1.227,0.375,2.185,0.418C9.249,20.99,9.556,21,12,21s2.751-0.01,3.711-0.054c0.958-0.044,1.612-0.196,2.185-0.418 c0.592-0.23,1.094-0.538,1.594-1.038c0.5-0.5,0.808-1.002,1.038-1.594c0.222-0.572,0.375-1.227,0.418-2.185 C20.99,14.751,21,14.444,21,12s-0.01-2.751-0.054-3.711c-0.044-0.958-0.196-1.612-0.418-2.185c-0.23-0.592-0.538-1.094-1.038-1.594 c-0.5-0.5-1.002-0.808-1.594-1.038c-0.572-0.222-1.227-0.375-2.185-0.418C14.751,3.01,14.444,3,12,3L12,3z M12,7.378 c-2.552,0-4.622,2.069-4.622,4.622S9.448,16.622,12,16.622s4.622-2.069,4.622-4.622S14.552,7.378,12,7.378z M12,15 c-1.657,0-3-1.343-3-3s1.343-3,3-3s3,1.343,3,3S13.657,15,12,15z M16.804,6.116c-0.596,0-1.08,0.484-1.08,1.08 s0.484,1.08,1.08,1.08c0.596,0,1.08-0.484,1.08-1.08S17.401,6.116,16.804,6.116z\"><\/path><\/svg><span class=\"wp-block-social-link-label screen-reader-text\">Instagram<\/span><\/a><\/li>\n\n<li class=\"wp-social-link wp-social-link-x  wp-block-social-link\"><a rel=\"noopener nofollow\" target=\"_blank\" href=\"https:\/\/twitter.com\/lteritaly\" class=\"wp-block-social-link-anchor\"><svg width=\"24\" height=\"24\" viewBox=\"0 0 24 24\" version=\"1.1\" xmlns=\"http:\/\/www.w3.org\/2000\/svg\" aria-hidden=\"true\" focusable=\"false\"><path d=\"M13.982 10.622 20.54 3h-1.554l-5.693 6.618L8.745 3H3.5l6.876 10.007L3.5 21h1.554l6.012-6.989L15.868 21h5.245l-7.131-10.378Zm-2.128 2.474-.697-.997-5.543-7.93H8l4.474 6.4.697.996 5.815 8.318h-2.387l-4.745-6.787Z\" \/><\/svg><span class=\"wp-block-social-link-label screen-reader-text\">X<\/span><\/a><\/li>\n\n<li class=\"wp-social-link wp-social-link-youtube  wp-block-social-link\"><a rel=\"noopener nofollow\" target=\"_blank\" href=\"https:\/\/www.youtube.com\/@lteritalia9313\" class=\"wp-block-social-link-anchor\"><svg width=\"24\" height=\"24\" viewBox=\"0 0 24 24\" version=\"1.1\" xmlns=\"http:\/\/www.w3.org\/2000\/svg\" aria-hidden=\"true\" focusable=\"false\"><path d=\"M21.8,8.001c0,0-0.195-1.378-0.795-1.985c-0.76-0.797-1.613-0.801-2.004-0.847c-2.799-0.202-6.997-0.202-6.997-0.202 h-0.009c0,0-4.198,0-6.997,0.202C4.608,5.216,3.756,5.22,2.995,6.016C2.395,6.623,2.2,8.001,2.2,8.001S2,9.62,2,11.238v1.517 c0,1.618,0.2,3.237,0.2,3.237s0.195,1.378,0.795,1.985c0.761,0.797,1.76,0.771,2.205,0.855c1.6,0.153,6.8,0.201,6.8,0.201 s4.203-0.006,7.001-0.209c0.391-0.047,1.243-0.051,2.004-0.847c0.6-0.607,0.795-1.985,0.795-1.985s0.2-1.618,0.2-3.237v-1.517 C22,9.62,21.8,8.001,21.8,8.001z M9.935,14.594l-0.001-5.62l5.404,2.82L9.935,14.594z\"><\/path><\/svg><span class=\"wp-block-social-link-label screen-reader-text\">YouTube<\/span><\/a><\/li><\/ul>\n<\/li><\/ul><\/nav>\n\n\n<div style=\"height:24px\" aria-hidden=\"true\" class=\"wp-block-spacer\"><\/div>\n<\/div>\n\n\n\n<div class=\"wp-block-column is-layout-flow wp-block-column-is-layout-flow\">\n<p class=\"has-text-align-center\"><strong>Useful Links<\/strong><\/p>\n\n\n\n<div class=\"wp-block-group is-vertical is-content-justification-center is-layout-flex wp-container-core-group-is-layout-0e868306 wp-block-group-is-layout-flex\">\n<p class=\"has-text-align-center has-ast-global-color-5-color has-text-color has-link-color wp-elements-7c7d9a053eac10192abbf2f13672644c\"><a href=\"https:\/\/elter-ri.eu\" data-type=\"link\" data-id=\"https:\/\/elter-ri.eu\" target=\"_blank\" rel=\"noreferrer noopener\">eLTER-RI<\/a><\/p>\n\n\n\n<p class=\"has-text-align-center has-text-color has-link-color wp-elements-911b9ecd1ae31302cbd51eecb8907ff0\" style=\"color:#41917a\"><a href=\"https:\/\/www.ilter.network\/\" data-type=\"link\" data-id=\"https:\/\/www.ilter.network\/\" target=\"_blank\" rel=\"noreferrer noopener\">LTER International<\/a><\/p>\n\n\n\n<p class=\"has-text-align-center has-ast-global-color-5-color has-text-color has-link-color wp-elements-65e9d0cf9877d521b735faaecf341649\"><a href=\"https:\/\/dta.cnr.it\/\" target=\"_blank\" rel=\"noreferrer noopener\">CNR DSSTTA<\/a><\/p>\n<\/div>\n\n\n\n<div style=\"height:24px\" aria-hidden=\"true\" class=\"wp-block-spacer\"><\/div>\n<\/div>\n<\/div>\n\n\n\n<p class=\"has-text-align-center has-small-font-size\">Powered by LTER-Italy ICT group under a <img loading=\"lazy\" decoding=\"async\" width=\"70\" height=\"24\" class=\"wp-image-894\" style=\"width: 70px;\" src=\"http:\/\/155.253.20.24\/wordpress\/wp-content\/uploads\/by-nc-nd.eu_.png\" alt=\"\" srcset=\"https:\/\/www.lteritalia.it\/wp-content\/uploads\/by-nc-nd.eu_.png 403w, https:\/\/www.lteritalia.it\/wp-content\/uploads\/by-nc-nd.eu_-300x105.png 300w\" sizes=\"auto, (max-width: 70px) 100vw, 70px\" \/><\/p>\n\n\n\n<div class=\"wp-block-group alignwide is-content-justification-center is-layout-flex wp-container-core-group-is-layout-c124d1c4 wp-block-group-is-layout-flex\">\n<p class=\"has-text-align-center has-small-font-size\"> Proudly powered by <a rel=\"nofollow\" href=\"https:\/\/wordpress.org\" target=\"_blank\">WordPress<\/a> <\/p>\n<\/div>\n<\/div>\n","protected":false},"excerpt":{"rendered":"<p>L\u2019iniziativa Cammini LTER \u00e8 giunta nel 2017 alla sua terza edizione, con due Cammini nazionali e la sua adozione a livello internazionale dalla Rete ILTER, con l&#8217;iniziativa &#8220;Trails\u201d (TRAvelling through [&hellip;]<\/p>\n","protected":false},"author":1,"featured_media":894,"parent":926,"menu_order":0,"comment_status":"closed","ping_status":"closed","template":"","meta":{"site-sidebar-layout":"default","site-content-layout":"","ast-site-content-layout":"default","site-content-style":"default","site-sidebar-style":"default","ast-global-header-display":"","ast-banner-title-visibility":"","ast-main-header-display":"","ast-hfb-above-header-display":"","ast-hfb-below-header-display":"","ast-hfb-mobile-header-display":"","site-post-title":"","ast-breadcrumbs-content":"","ast-featured-img":"","footer-sml-layout":"","ast-disable-related-posts":"","theme-transparent-header-meta":"","adv-header-id-meta":"","stick-header-meta":"","header-above-stick-meta":"","header-main-stick-meta":"","header-below-stick-meta":"","astra-migrate-meta-layouts":"default","ast-page-background-enabled":"default","ast-page-background-meta":{"desktop":{"background-color":"var(--ast-global-color-4)","background-image":"","background-repeat":"repeat","background-position":"center center","background-size":"auto","background-attachment":"scroll","background-type":"","background-media":"","overlay-type":"","overlay-color":"","overlay-opacity":"","overlay-gradient":""},"tablet":{"background-color":"","background-image":"","background-repeat":"repeat","background-position":"center center","background-size":"auto","background-attachment":"scroll","background-type":"","background-media":"","overlay-type":"","overlay-color":"","overlay-opacity":"","overlay-gradient":""},"mobile":{"background-color":"","background-image":"","background-repeat":"repeat","background-position":"center center","background-size":"auto","background-attachment":"scroll","background-type":"","background-media":"","overlay-type":"","overlay-color":"","overlay-opacity":"","overlay-gradient":""}},"ast-content-background-meta":{"desktop":{"background-color":"var(--ast-global-color-5)","background-image":"","background-repeat":"repeat","background-position":"center center","background-size":"auto","background-attachment":"scroll","background-type":"","background-media":"","overlay-type":"","overlay-color":"","overlay-opacity":"","overlay-gradient":""},"tablet":{"background-color":"var(--ast-global-color-5)","background-image":"","background-repeat":"repeat","background-position":"center center","background-size":"auto","background-attachment":"scroll","background-type":"","background-media":"","overlay-type":"","overlay-color":"","overlay-opacity":"","overlay-gradient":""},"mobile":{"background-color":"var(--ast-global-color-5)","background-image":"","background-repeat":"repeat","background-position":"center center","background-size":"auto","background-attachment":"scroll","background-type":"","background-media":"","overlay-type":"","overlay-color":"","overlay-opacity":"","overlay-gradient":""}},"_mc_calendar":[],"footnotes":""},"categories":[],"tags":[],"class_list":["post-1729","page","type-page","status-publish","has-post-thumbnail","hentry"],"_links":{"self":[{"href":"https:\/\/www.lteritalia.it\/index.php?rest_route=\/wp\/v2\/pages\/1729","targetHints":{"allow":["GET"]}}],"collection":[{"href":"https:\/\/www.lteritalia.it\/index.php?rest_route=\/wp\/v2\/pages"}],"about":[{"href":"https:\/\/www.lteritalia.it\/index.php?rest_route=\/wp\/v2\/types\/page"}],"author":[{"embeddable":true,"href":"https:\/\/www.lteritalia.it\/index.php?rest_route=\/wp\/v2\/users\/1"}],"replies":[{"embeddable":true,"href":"https:\/\/www.lteritalia.it\/index.php?rest_route=%2Fwp%2Fv2%2Fcomments&post=1729"}],"version-history":[{"count":7,"href":"https:\/\/www.lteritalia.it\/index.php?rest_route=\/wp\/v2\/pages\/1729\/revisions"}],"predecessor-version":[{"id":6864,"href":"https:\/\/www.lteritalia.it\/index.php?rest_route=\/wp\/v2\/pages\/1729\/revisions\/6864"}],"up":[{"embeddable":true,"href":"https:\/\/www.lteritalia.it\/index.php?rest_route=\/wp\/v2\/pages\/926"}],"wp:featuredmedia":[{"embeddable":true,"href":"https:\/\/www.lteritalia.it\/index.php?rest_route=\/wp\/v2\/media\/894"}],"wp:attachment":[{"href":"https:\/\/www.lteritalia.it\/index.php?rest_route=%2Fwp%2Fv2%2Fmedia&parent=1729"}],"wp:term":[{"taxonomy":"category","embeddable":true,"href":"https:\/\/www.lteritalia.it\/index.php?rest_route=%2Fwp%2Fv2%2Fcategories&post=1729"},{"taxonomy":"post_tag","embeddable":true,"href":"https:\/\/www.lteritalia.it\/index.php?rest_route=%2Fwp%2Fv2%2Ftags&post=1729"}],"curies":[{"name":"wp","href":"https:\/\/api.w.org\/{rel}","templated":true}]}}