{"id":1721,"date":"2023-11-27T23:19:48","date_gmt":"2023-11-27T22:19:48","guid":{"rendered":"http:\/\/155.253.20.24\/wordpress\/?page_id=1721"},"modified":"2025-06-09T16:40:39","modified_gmt":"2025-06-09T15:40:39","slug":"cammini-2015","status":"publish","type":"page","link":"https:\/\/www.lteritalia.it\/?page_id=1721","title":{"rendered":"Cammini 2015"},"content":{"rendered":"\n<p>La prima edizione dei Cammini ha visto la collaborazione di una ventina di ricercatrici e ricercatori e l\u2019elaborazione di un fitto programma di attivit\u00e0 che ha riguardato temi come la biodiversit\u00e0 e l\u2019ecologia in alta quota, il plancton e il funzionamento degli ecosistemi acquatici. Tre le aree geografiche ed ecologiche toccate: le Alpi, gli Appennini, i laghi di montagna e subalpini, le dune sabbiose costiere e il Golfo di Napoli. Tra le tipologie di attivit\u00e0 pubbliche segnaliamo l\u2019avvio di iniziative di Citizen Science e dei BioBlitz.<\/p>\n\n\n\n<p>Sono stati realizzati tre percorsi, di cui uno in bicicletta e due a piedi, fra giugno e agosto: (1) Mesothalassia: ciclo-staffetta ecologica dalle dune del Molise al Golfo di Napoli, (2) Sugli Appennini Centrali dal Velino al Gran Sasso, l\u2019avventura della biodiversit\u00e0, (3) Rosa\u2026azzurro\u2026verde! Eco-staffetta tra i siti LTER dal Monte Rosa al Lago Maggiore.<\/p>\n\n\n\n<p>Due videomaker, Orazio Aloi e Francesca Consoli (Associazione Immagina), hanno affiancato ricercatori e ricercatrici in tutti e tre gli itinerari, realizzando un documentario della durata di circa 50 minuti, proiettato poi in varie occasioni. Dal documentario sono stati ricavati tre brevi video,<\/p>\n\n\n\n<p>di dieci minuti ciascuno, per la presentazione dei singoli Cammini. Tutti i filmati sono visibili <a href=\"https:\/\/www.youtube.com\/@lteritalia9313\" data-type=\"link\" data-id=\"https:\/\/www.youtube.com\/@lteritalia9313\" target=\"_blank\" rel=\"noreferrer noopener\">sul canale YouTube della Rete LTER-Italia<\/a>. Per la documentazione fotografica ci ha accompagnato il fotografo professionista Antonio Bergamino.<\/p>\n\n\n\n<p>I tre Cammini sono stati inclusi tra le iniziative di comunicazione della scienza a EXPO2015, che ci ha dato la possibilit\u00e0 di raccontare la nostra iniziativa in un contesto pi\u00f9 ampio, in occasione dell\u2019evento <a href=\"https:\/\/www.expo.cnr.it\/it\/node\/100\" target=\"_blank\" rel=\"noopener noreferrer nofollow\">Ecosistemi e Biodiversit\u00e0: la scienza al servizio dei cittadini<\/a>. <\/p>\n\n\n\n<div class=\"wp-block-buttons is-layout-flex wp-block-buttons-is-layout-flex\">\n<div class=\"wp-block-button\"><a class=\"wp-block-button__link wp-element-button\" href=\"http:\/\/www.lteritalia.it\/?p=4166\" target=\"_blank\" rel=\"noreferrer noopener\">Brochure<\/a><\/div>\n<\/div>\n\n\n\n<p><\/p>\n\n\n\n<p class=\"has-text-color has-link-color has-medium-font-size wp-elements-0a1c63743a10d06a24f216667ff9fad5\" style=\"color:#ee9a37\"><strong>Mesothalassia: ciclo-staffetta ecologica dalle dune del Molise al Golfo di Napoli<\/strong><\/p>\n\n\n\n<p>Il Cammino \u00e8 partito dal sito LTER \u201cDune sabbiose\u201d Foce Trigno-Marina di Petacciato (CB), ha attraversato l\u2019Appennino lungo il corso dei fiumi Ofanto (versante adriatico) e Sele (versante tirrenico), per poi concludersi al macrosito LTER \u201cGolfo di Napoli\u201d (siti MareChiara e Lacco Ameno, Ischia). Il percorso, della durata di nove giorni e compiuto prevalentemente in bici, ha avuto come obiettivo la sensibilizzazione degli abitanti dei centri attraversati (cittadini, studenti e associazioni locali) al tema della biodiversit\u00e0 dei microorganismi acquatici (in prevalenza il plancton) e del suo ruolo nel funzionamento degli ecosistemi, e dell\u2019importanza dell\u2019acqua come risorsa naturale vitale e determinante per la salute degli ecosistemi e dell\u2019uomo.<\/p>\n\n\n\n<p>Il reportage del viaggio \u00e8 stato presentato a Milano il 29 luglio 2015 al Padiglione Italia di EXPO2015, in occasione della giornata LTER e LifeWatch. Le attivit\u00e0 di comunicazione itinerante, gli incontri tra scienziati e cittadini, nonch\u00e9 le riflessioni fatte dagli scienziati, sono stati raccolti nel libro \u201cUno scienziato a pedali\u201d (Ediciclo2017), i cui autori sono Domenico D\u2019Alelio ed Emilio Rigatti (educatore e cicloviaggiatore-scrittore).<\/p>\n\n\n\n<p class=\"has-text-color has-link-color has-medium-font-size wp-elements-976f44a5347b0c5f6b8dbdebf49c64ff\" style=\"color:#ee9a37\"><strong>Sugli Appennini Centrali dal Velino al Gran Sasso, l\u2019avventura della biodiversit\u00e0<\/strong><\/p>\n\n\n\n<p>Questo cammino si \u00e8 svolto sui monti dell\u2019Abruzzo unendo due siti LTER di alta quota, entrambi gestiti dall\u2019allora Corpo Forestale dello Stato, dal Monte Velino al Gran Sasso passando per L\u2019Aquila. Ha percorso, prevalentemente a piedi, il paesaggio caratteristico della montagna interna dell\u2019Appennino Centrale, dai boschi misti, alla faggeta, alle praterie di alta quota, con elevatissimi valori di biodiversit\u00e0, attraversando aree ad alto valore ambientale e turistico e due Parchi naturali, uno Regionale (Sirente-Velino) e l\u2019altro Nazionale (Gran Sasso e Monti della Laga).<\/p>\n\n\n\n<p>Il Cammino \u00e8 partito il 29 luglio 2015, con rilevamenti della vegetazione e osservazioni ornitologiche sul Monte Velino. I partecipanti sono stati accompagnati da botanici, ornitologi e geologi lungo tutto il percorso. La giornata conclusiva del 1\u00b0 agosto, sul Gran Sasso, ha visto uniti ricercatori, naturalisti dilettanti e volontari in uno studio intensivo sul campo (un \u201cBioblitz\u201d), per determinare in 24 ore le specie vegetali e animali che vivono nell\u2019area, contribuendo cos\u00ec alla definizione dello stato della biodiversit\u00e0.<\/p>\n\n\n\n<p>In concomitanza con la partenza del Cammino, si \u00e8 svolto l\u2019evento <a href=\"https:\/\/www.expo.cnr.it\/it\/node\/100\" data-type=\"link\" data-id=\"https:\/\/www.expo.cnr.it\/it\/node\/100\" target=\"_blank\" rel=\"noopener noreferrer nofollow\">Ecosistemi e Biodiversit\u00e0: la scienza al servizio dei cittadini<\/a>, organizzato dalla rete LTER e <a href=\"https:\/\/www.lifewatchitaly.eu\/\" target=\"_blank\" rel=\"noreferrer noopener\">LifeWatch Italia<\/a> al Padiglione Italia di EXPO2015.<\/p>\n\n\n\n<p class=\"has-text-color has-link-color has-medium-font-size wp-elements-f7ae5250f17f587dc4348fa0cdb10e03\" style=\"color:#ee9a37\"><strong>Rosa\u2026 azzurro\u2026 verde! Eco-staffetta tra i siti LTER dal Monte Rosa al Lago Maggiore<\/strong><\/p>\n\n\n\n<p>Il Cammino si \u00e8 svolto tra la Valle d\u2019Aosta e il Piemonte, da Gressoney-La-Trinit\u00e9 a Verbania e ha e collegato tre dei siti LTER: l\u2019Istituto Scientifico \u201cA. Mosso\u201d, i Laghi Paione e il Lago Maggiore.<\/p>\n\n\n\n<p>Il percorso, della durata di sette giorni e diviso in sei tappe, ha avuto come obiettivo quello di condurre attivit\u00e0 partecipative di campionamento, organizzare conferenze scientifiche ed eventi divulgativi aperti al pubblico con ricercatrici e ricercatori della Rete LTER, insieme a esperti appartenenti ad associazioni, universit\u00e0, ed enti locali. Tutte le attivit\u00e0 sono state pensate per coinvolgere le persone nelle attivit\u00e0 di ricerca ecologica nelle sue diverse accezioni.<\/p>\n\n\n\n<p>Il Cammino, che si \u00e8 svolto nella sua totalit\u00e0 in ambiente montano, ha visto i partecipanti percorrere habitat differenti: boschi di latifoglie e conifere, ambienti d\u2019alta quota, pascoli a varie altitudini e ambienti acquatici, tra cui torbiere, laghi di montagna e infine un grande lago subalpino.<\/p>\n\n\n\n<p>Lungo il percorso sono state svolte attivit\u00e0 di riconoscimento dei vari habitat grazie alla presenza di botanici, ornitologi, pedologi e geologi. I partecipanti sono stati coinvolti nelle attivit\u00e0 di rilievo nei siti LTER, in censimenti della biodiversit\u00e0 vegetale e animale e negli eventi pubblici di presentazione dell\u2019iniziativa.<\/p>\n\n\n\n<p>Il Cammino ha visto la partecipazione di quattro Istituti del CNR (<a href=\"http:\/\/irea.cnr.it\/\" target=\"_blank\" rel=\"noreferrer noopener\">IREA<\/a>, ISE (ora <a href=\"https:\/\/www.irsa.cnr.it\/wp\/\" target=\"_blank\" rel=\"noreferrer noopener\">IRSA<\/a>), <a href=\"http:\/\/www.ismar.cnr.it\/\" target=\"_blank\" rel=\"noreferrer noopener\">ISMAR<\/a> e <a href=\"http:\/\/www.isac.cnr.it\/\" target=\"_blank\" rel=\"noopener noreferrer nofollow\">ISAC<\/a>), dell\u2019Universit\u00e0 di Roma \u2018<a href=\"https:\/\/www.uniroma1.it\/it\/pagina-strutturale\/home\" target=\"_blank\" rel=\"noreferrer noopener\">La Sapienza<\/a>\u2019 (BBCD) e di Torino (<a href=\"http:\/\/www.disafa.unito.it\/do\/home.pl\" target=\"_blank\" rel=\"noreferrer noopener\">DISAFA-NatRisk<\/a> e <a href=\"http:\/\/www.astut.unito.it\/\" target=\"_blank\" rel=\"noreferrer noopener\">ASTUT<\/a>).<\/p>\n\n\n\n<p>A questi occorre aggiungere differenti realt\u00e0 amministrative (cinque comuni e una provincia), enti parco o gestori di aree protette, societ\u00e0 scientifiche, comitati, associazioni ed enti privati e pubblici che a vario titolo hanno contribuito alla realizzazione delle attivit\u00e0 giornaliere, alla riuscita delle conferenze o all\u2019attivit\u00e0 di gestione del Cammino nel suo complesso.<\/p>\n\n\n\n<div class=\"wp-block-group alignfull has-background-color has-white-color has-ast-global-color-2-background-color has-text-color has-background has-link-color wp-elements-1f9b3225682397493ddf21ac8b770549 is-vertical is-content-justification-stretch is-layout-flex wp-container-core-group-is-layout-48a3dbfb wp-block-group-is-layout-flex\" style=\"min-height:40vh;margin-top:0;margin-bottom:0;padding-top:var(--wp--preset--spacing--60);padding-right:var(--wp--preset--spacing--40);padding-bottom:var(--wp--preset--spacing--60);padding-left:var(--wp--preset--spacing--40)\">\n<div class=\"wp-block-columns alignwide has-small-font-size is-layout-flex wp-container-core-columns-is-layout-28f84493 wp-block-columns-is-layout-flex\">\n<div class=\"wp-block-column is-layout-flow wp-block-column-is-layout-flow\">\n<p class=\"has-text-align-center has-luminous-vivid-amber-color has-text-color has-link-color wp-elements-789ece3f7a4c03c2d06ab1c7a828692f\" style=\"font-style:normal;font-weight:700\">Contacts<\/p>\n\n\n\n<p class=\"has-text-align-center\"><strong>Secretariat:<\/strong> Via Roberto Cozzi, 53 20156 Milan (Italy)<\/p>\n\n\n\n<p class=\"has-text-align-center\"><strong>Phone: <\/strong>+02 66173307<\/p>\n\n\n\n<p class=\"has-text-align-center has-ast-global-color-5-color has-text-color has-link-color wp-elements-092d8a5cd32c111fb6f2be94de498da8\"><strong>E-mail: <\/strong><a href=\"mailto:lteritaly@gmail.com\" target=\"_blank\" rel=\"noreferrer noopener\">lteritaly@gmail.com<\/a><\/p>\n\n\n\n<p class=\"has-text-align-center has-ast-global-color-5-color has-text-color has-link-color wp-elements-c411ba111b5b296fa3f87b7593d0c9ce\"><a href=\"http:\/\/155.253.20.24\/wordpress\/?page_id=826&amp;lang=it\" data-type=\"page\" data-id=\"826\" target=\"_blank\" rel=\"noreferrer noopener\"><a href=\"http:\/\/155.253.20.24\/wordpress\/?page_id=826&amp;lang=it\" data-type=\"page\" data-id=\"826\" target=\"_blank\" rel=\"noreferrer noopener\">Contact form<\/a><\/a><\/p>\n\n\n\n<div style=\"height:24px\" aria-hidden=\"true\" class=\"wp-block-spacer\"><\/div>\n<\/div>\n\n\n\n<div class=\"wp-block-column is-layout-flow wp-block-column-is-layout-flow\">\n<p class=\"has-text-align-center has-luminous-vivid-amber-color has-text-color has-link-color wp-elements-637597232a72fb19e8b69749a72c06fa\">Social Media<\/p>\n\n\n<nav class=\"has-small-font-size items-justified-center is-vertical no-wrap wp-block-navigation is-content-justification-center is-nowrap is-layout-flex wp-container-core-navigation-is-layout-34a3ecb2 wp-block-navigation-is-layout-flex\" aria-label=\"Navigation\"><ul class=\"wp-block-navigation__container has-small-font-size items-justified-center is-vertical no-wrap wp-block-navigation has-small-font-size\"><li class=\"wp-block-navigation-item\">\n<ul class=\"wp-block-social-links is-layout-flex wp-block-social-links-is-layout-flex\"><li class=\"wp-social-link wp-social-link-facebook  wp-block-social-link\"><a rel=\"noopener nofollow\" target=\"_blank\" href=\"https:\/\/www.facebook.com\/lteritaly\" class=\"wp-block-social-link-anchor\"><svg width=\"24\" height=\"24\" viewBox=\"0 0 24 24\" version=\"1.1\" xmlns=\"http:\/\/www.w3.org\/2000\/svg\" aria-hidden=\"true\" focusable=\"false\"><path d=\"M12 2C6.5 2 2 6.5 2 12c0 5 3.7 9.1 8.4 9.9v-7H7.9V12h2.5V9.8c0-2.5 1.5-3.9 3.8-3.9 1.1 0 2.2.2 2.2.2v2.5h-1.3c-1.2 0-1.6.8-1.6 1.6V12h2.8l-.4 2.9h-2.3v7C18.3 21.1 22 17 22 12c0-5.5-4.5-10-10-10z\"><\/path><\/svg><span class=\"wp-block-social-link-label screen-reader-text\">Facebook<\/span><\/a><\/li>\n\n<li class=\"wp-social-link wp-social-link-instagram  wp-block-social-link\"><a rel=\"noopener nofollow\" target=\"_blank\" href=\"https:\/\/www.instagram.com\/lteritalia\/\" class=\"wp-block-social-link-anchor\"><svg width=\"24\" height=\"24\" viewBox=\"0 0 24 24\" version=\"1.1\" xmlns=\"http:\/\/www.w3.org\/2000\/svg\" aria-hidden=\"true\" focusable=\"false\"><path d=\"M12,4.622c2.403,0,2.688,0.009,3.637,0.052c0.877,0.04,1.354,0.187,1.671,0.31c0.42,0.163,0.72,0.358,1.035,0.673 c0.315,0.315,0.51,0.615,0.673,1.035c0.123,0.317,0.27,0.794,0.31,1.671c0.043,0.949,0.052,1.234,0.052,3.637 s-0.009,2.688-0.052,3.637c-0.04,0.877-0.187,1.354-0.31,1.671c-0.163,0.42-0.358,0.72-0.673,1.035 c-0.315,0.315-0.615,0.51-1.035,0.673c-0.317,0.123-0.794,0.27-1.671,0.31c-0.949,0.043-1.233,0.052-3.637,0.052 s-2.688-0.009-3.637-0.052c-0.877-0.04-1.354-0.187-1.671-0.31c-0.42-0.163-0.72-0.358-1.035-0.673 c-0.315-0.315-0.51-0.615-0.673-1.035c-0.123-0.317-0.27-0.794-0.31-1.671C4.631,14.688,4.622,14.403,4.622,12 s0.009-2.688,0.052-3.637c0.04-0.877,0.187-1.354,0.31-1.671c0.163-0.42,0.358-0.72,0.673-1.035 c0.315-0.315,0.615-0.51,1.035-0.673c0.317-0.123,0.794-0.27,1.671-0.31C9.312,4.631,9.597,4.622,12,4.622 M12,3 C9.556,3,9.249,3.01,8.289,3.054C7.331,3.098,6.677,3.25,6.105,3.472C5.513,3.702,5.011,4.01,4.511,4.511 c-0.5,0.5-0.808,1.002-1.038,1.594C3.25,6.677,3.098,7.331,3.054,8.289C3.01,9.249,3,9.556,3,12c0,2.444,0.01,2.751,0.054,3.711 c0.044,0.958,0.196,1.612,0.418,2.185c0.23,0.592,0.538,1.094,1.038,1.594c0.5,0.5,1.002,0.808,1.594,1.038 c0.572,0.222,1.227,0.375,2.185,0.418C9.249,20.99,9.556,21,12,21s2.751-0.01,3.711-0.054c0.958-0.044,1.612-0.196,2.185-0.418 c0.592-0.23,1.094-0.538,1.594-1.038c0.5-0.5,0.808-1.002,1.038-1.594c0.222-0.572,0.375-1.227,0.418-2.185 C20.99,14.751,21,14.444,21,12s-0.01-2.751-0.054-3.711c-0.044-0.958-0.196-1.612-0.418-2.185c-0.23-0.592-0.538-1.094-1.038-1.594 c-0.5-0.5-1.002-0.808-1.594-1.038c-0.572-0.222-1.227-0.375-2.185-0.418C14.751,3.01,14.444,3,12,3L12,3z M12,7.378 c-2.552,0-4.622,2.069-4.622,4.622S9.448,16.622,12,16.622s4.622-2.069,4.622-4.622S14.552,7.378,12,7.378z M12,15 c-1.657,0-3-1.343-3-3s1.343-3,3-3s3,1.343,3,3S13.657,15,12,15z M16.804,6.116c-0.596,0-1.08,0.484-1.08,1.08 s0.484,1.08,1.08,1.08c0.596,0,1.08-0.484,1.08-1.08S17.401,6.116,16.804,6.116z\"><\/path><\/svg><span class=\"wp-block-social-link-label screen-reader-text\">Instagram<\/span><\/a><\/li>\n\n<li class=\"wp-social-link wp-social-link-x  wp-block-social-link\"><a rel=\"noopener nofollow\" target=\"_blank\" href=\"https:\/\/twitter.com\/lteritaly\" class=\"wp-block-social-link-anchor\"><svg width=\"24\" height=\"24\" viewBox=\"0 0 24 24\" version=\"1.1\" xmlns=\"http:\/\/www.w3.org\/2000\/svg\" aria-hidden=\"true\" focusable=\"false\"><path d=\"M13.982 10.622 20.54 3h-1.554l-5.693 6.618L8.745 3H3.5l6.876 10.007L3.5 21h1.554l6.012-6.989L15.868 21h5.245l-7.131-10.378Zm-2.128 2.474-.697-.997-5.543-7.93H8l4.474 6.4.697.996 5.815 8.318h-2.387l-4.745-6.787Z\" \/><\/svg><span class=\"wp-block-social-link-label screen-reader-text\">X<\/span><\/a><\/li>\n\n<li class=\"wp-social-link wp-social-link-youtube  wp-block-social-link\"><a rel=\"noopener nofollow\" target=\"_blank\" href=\"https:\/\/www.youtube.com\/@lteritalia9313\" class=\"wp-block-social-link-anchor\"><svg width=\"24\" height=\"24\" viewBox=\"0 0 24 24\" version=\"1.1\" xmlns=\"http:\/\/www.w3.org\/2000\/svg\" aria-hidden=\"true\" focusable=\"false\"><path d=\"M21.8,8.001c0,0-0.195-1.378-0.795-1.985c-0.76-0.797-1.613-0.801-2.004-0.847c-2.799-0.202-6.997-0.202-6.997-0.202 h-0.009c0,0-4.198,0-6.997,0.202C4.608,5.216,3.756,5.22,2.995,6.016C2.395,6.623,2.2,8.001,2.2,8.001S2,9.62,2,11.238v1.517 c0,1.618,0.2,3.237,0.2,3.237s0.195,1.378,0.795,1.985c0.761,0.797,1.76,0.771,2.205,0.855c1.6,0.153,6.8,0.201,6.8,0.201 s4.203-0.006,7.001-0.209c0.391-0.047,1.243-0.051,2.004-0.847c0.6-0.607,0.795-1.985,0.795-1.985s0.2-1.618,0.2-3.237v-1.517 C22,9.62,21.8,8.001,21.8,8.001z M9.935,14.594l-0.001-5.62l5.404,2.82L9.935,14.594z\"><\/path><\/svg><span class=\"wp-block-social-link-label screen-reader-text\">YouTube<\/span><\/a><\/li><\/ul>\n<\/li><\/ul><\/nav>\n\n\n<div style=\"height:24px\" aria-hidden=\"true\" class=\"wp-block-spacer\"><\/div>\n<\/div>\n\n\n\n<div class=\"wp-block-column is-layout-flow wp-block-column-is-layout-flow\">\n<p class=\"has-text-align-center\"><strong>Useful Links<\/strong><\/p>\n\n\n\n<div class=\"wp-block-group is-vertical is-content-justification-center is-layout-flex wp-container-core-group-is-layout-0e868306 wp-block-group-is-layout-flex\">\n<p class=\"has-text-align-center has-ast-global-color-5-color has-text-color has-link-color wp-elements-7c7d9a053eac10192abbf2f13672644c\"><a href=\"https:\/\/elter-ri.eu\" data-type=\"link\" data-id=\"https:\/\/elter-ri.eu\" target=\"_blank\" rel=\"noreferrer noopener\">eLTER-RI<\/a><\/p>\n\n\n\n<p class=\"has-text-align-center has-text-color has-link-color wp-elements-911b9ecd1ae31302cbd51eecb8907ff0\" style=\"color:#41917a\"><a href=\"https:\/\/www.ilter.network\/\" data-type=\"link\" data-id=\"https:\/\/www.ilter.network\/\" target=\"_blank\" rel=\"noreferrer noopener\">LTER International<\/a><\/p>\n\n\n\n<p class=\"has-text-align-center has-ast-global-color-5-color has-text-color has-link-color wp-elements-65e9d0cf9877d521b735faaecf341649\"><a href=\"https:\/\/dta.cnr.it\/\" target=\"_blank\" rel=\"noreferrer noopener\">CNR DSSTTA<\/a><\/p>\n<\/div>\n\n\n\n<div style=\"height:24px\" aria-hidden=\"true\" class=\"wp-block-spacer\"><\/div>\n<\/div>\n<\/div>\n\n\n\n<p class=\"has-text-align-center has-small-font-size\">Powered by LTER-Italy ICT group under a <img loading=\"lazy\" decoding=\"async\" width=\"70\" height=\"24\" class=\"wp-image-894\" style=\"width: 70px;\" src=\"http:\/\/155.253.20.24\/wordpress\/wp-content\/uploads\/by-nc-nd.eu_.png\" alt=\"\" srcset=\"https:\/\/www.lteritalia.it\/wp-content\/uploads\/by-nc-nd.eu_.png 403w, https:\/\/www.lteritalia.it\/wp-content\/uploads\/by-nc-nd.eu_-300x105.png 300w\" sizes=\"auto, (max-width: 70px) 100vw, 70px\" \/><\/p>\n\n\n\n<div class=\"wp-block-group alignwide is-content-justification-center is-layout-flex wp-container-core-group-is-layout-c124d1c4 wp-block-group-is-layout-flex\">\n<p class=\"has-text-align-center has-small-font-size\"> Proudly powered by <a rel=\"nofollow\" href=\"https:\/\/wordpress.org\" target=\"_blank\">WordPress<\/a> <\/p>\n<\/div>\n<\/div>\n","protected":false},"excerpt":{"rendered":"<p>La prima edizione dei Cammini ha visto la collaborazione di una ventina di ricercatrici e ricercatori e l\u2019elaborazione di un fitto programma di attivit\u00e0 che ha riguardato temi come la [&hellip;]<\/p>\n","protected":false},"author":1,"featured_media":894,"parent":926,"menu_order":0,"comment_status":"closed","ping_status":"closed","template":"","meta":{"site-sidebar-layout":"default","site-content-layout":"","ast-site-content-layout":"default","site-content-style":"default","site-sidebar-style":"default","ast-global-header-display":"","ast-banner-title-visibility":"","ast-main-header-display":"","ast-hfb-above-header-display":"","ast-hfb-below-header-display":"","ast-hfb-mobile-header-display":"","site-post-title":"","ast-breadcrumbs-content":"","ast-featured-img":"","footer-sml-layout":"","ast-disable-related-posts":"","theme-transparent-header-meta":"","adv-header-id-meta":"","stick-header-meta":"","header-above-stick-meta":"","header-main-stick-meta":"","header-below-stick-meta":"","astra-migrate-meta-layouts":"default","ast-page-background-enabled":"default","ast-page-background-meta":{"desktop":{"background-color":"var(--ast-global-color-4)","background-image":"","background-repeat":"repeat","background-position":"center center","background-size":"auto","background-attachment":"scroll","background-type":"","background-media":"","overlay-type":"","overlay-color":"","overlay-opacity":"","overlay-gradient":""},"tablet":{"background-color":"","background-image":"","background-repeat":"repeat","background-position":"center center","background-size":"auto","background-attachment":"scroll","background-type":"","background-media":"","overlay-type":"","overlay-color":"","overlay-opacity":"","overlay-gradient":""},"mobile":{"background-color":"","background-image":"","background-repeat":"repeat","background-position":"center center","background-size":"auto","background-attachment":"scroll","background-type":"","background-media":"","overlay-type":"","overlay-color":"","overlay-opacity":"","overlay-gradient":""}},"ast-content-background-meta":{"desktop":{"background-color":"var(--ast-global-color-5)","background-image":"","background-repeat":"repeat","background-position":"center center","background-size":"auto","background-attachment":"scroll","background-type":"","background-media":"","overlay-type":"","overlay-color":"","overlay-opacity":"","overlay-gradient":""},"tablet":{"background-color":"var(--ast-global-color-5)","background-image":"","background-repeat":"repeat","background-position":"center center","background-size":"auto","background-attachment":"scroll","background-type":"","background-media":"","overlay-type":"","overlay-color":"","overlay-opacity":"","overlay-gradient":""},"mobile":{"background-color":"var(--ast-global-color-5)","background-image":"","background-repeat":"repeat","background-position":"center center","background-size":"auto","background-attachment":"scroll","background-type":"","background-media":"","overlay-type":"","overlay-color":"","overlay-opacity":"","overlay-gradient":""}},"_mc_calendar":[],"footnotes":""},"categories":[],"tags":[],"class_list":["post-1721","page","type-page","status-publish","has-post-thumbnail","hentry"],"_links":{"self":[{"href":"https:\/\/www.lteritalia.it\/index.php?rest_route=\/wp\/v2\/pages\/1721","targetHints":{"allow":["GET"]}}],"collection":[{"href":"https:\/\/www.lteritalia.it\/index.php?rest_route=\/wp\/v2\/pages"}],"about":[{"href":"https:\/\/www.lteritalia.it\/index.php?rest_route=\/wp\/v2\/types\/page"}],"author":[{"embeddable":true,"href":"https:\/\/www.lteritalia.it\/index.php?rest_route=\/wp\/v2\/users\/1"}],"replies":[{"embeddable":true,"href":"https:\/\/www.lteritalia.it\/index.php?rest_route=%2Fwp%2Fv2%2Fcomments&post=1721"}],"version-history":[{"count":12,"href":"https:\/\/www.lteritalia.it\/index.php?rest_route=\/wp\/v2\/pages\/1721\/revisions"}],"predecessor-version":[{"id":6862,"href":"https:\/\/www.lteritalia.it\/index.php?rest_route=\/wp\/v2\/pages\/1721\/revisions\/6862"}],"up":[{"embeddable":true,"href":"https:\/\/www.lteritalia.it\/index.php?rest_route=\/wp\/v2\/pages\/926"}],"wp:featuredmedia":[{"embeddable":true,"href":"https:\/\/www.lteritalia.it\/index.php?rest_route=\/wp\/v2\/media\/894"}],"wp:attachment":[{"href":"https:\/\/www.lteritalia.it\/index.php?rest_route=%2Fwp%2Fv2%2Fmedia&parent=1721"}],"wp:term":[{"taxonomy":"category","embeddable":true,"href":"https:\/\/www.lteritalia.it\/index.php?rest_route=%2Fwp%2Fv2%2Fcategories&post=1721"},{"taxonomy":"post_tag","embeddable":true,"href":"https:\/\/www.lteritalia.it\/index.php?rest_route=%2Fwp%2Fv2%2Ftags&post=1721"}],"curies":[{"name":"wp","href":"https:\/\/api.w.org\/{rel}","templated":true}]}}