{"id":1446,"date":"2023-11-17T02:12:40","date_gmt":"2023-11-17T01:12:40","guid":{"rendered":"http:\/\/155.253.20.24\/wordpress\/?page_id=1446"},"modified":"2026-02-02T08:26:12","modified_gmt":"2026-02-02T07:26:12","slug":"bosco-fontana-ven2","status":"publish","type":"page","link":"https:\/\/www.lteritalia.it\/?page_id=1446","title":{"rendered":"Bosco Fontana (VEN2)"},"content":{"rendered":"\n<div>  <b>DEIMS-ID: <\/b><a href=\"https:\/\/deims.org\/0585b394-faf2-4850-913f-6351aace73e4\" target=\"_blank\" rel=\"noopener noreferrer nofollow\">https:\/\/deims.org\/0585b394-faf2-4850-913f-6351aace73e4<\/a><br>  <b>Ultimo aggiornamento in DEIMS-SDR: <\/b> 12.09.2024<br><\/div><br>  <div>        <div>      <b>Contatti: <\/b>            <a href=\"mailto:gfdambrosiocnbf@outook.it\" target=\"_blank\">Gianfrancesco D&#039;ambrosio<\/a> <a href=\"\" target=\"_blank\"><img decoding=\"async\"      src=\"\/wordpress\/wp-content\/uploads\/1024px-ORCID_iD.svg_.png\" width=\"20\"><\/a>      <br>      <b>Istituzione responsabile della gestione: <\/b>            <a href=\"https:\/\/www.carabinieri.it\/chi-siamo\/oggi\/organizzazione\/tutela-forestale-ambientale-e-agroalimentare\/comando-tutela-biodiversita&#039;-e-parchi\/utcb-e-le-130-riserve-naturali\/utcb-di-verona\/bosco-fontana\" target=\"_blank\" rel=\"noopener noreferrer nofollow\">Centro Nazionale Carabinieri Biodiversit&agrave; (CNBC) Bosco Fontana<\/a> <a href=\"\" target=\"_blank\"><img decoding=\"async\" src=\"\/wordpress\/wp-content\/uploads\/ROR_logo.svg_.png\" width=\"30\"><\/a>      <br>      <b>Istituzione finanziatrice: <\/b>            <a href=\"\" target=\"_blank\"><\/a> <a href=\"\" target=\"_blank\"><img decoding=\"async\" src=\"\/wordpress\/wp-content\/uploads\/ROR_logo.svg_.png\" width=\"30\"><\/a>      <br>    <\/div>      <div>    <br>    <b>Descrizione sito: <\/b>        <p style=\"text-align:justify;\">      Il sito di ricerca si colloca all\u2019interno della Riserva Naturale Statale \u201cBosco della Fontana\u201d, nella bassa Pianura Padana in prossimit\u00e0 di Mantova e rappresenta un tipico ambiente residuale. Infatti, \u00e8 uno degli ultimi relitti di una foresta molto pi\u00f9 vasta che si estendeva, a met\u00e0 del XVII secolo, per 1200 ettari ed era in connessione con le foreste ripariali del Mincio e quelle moreniche del Garda. Dal 1995, nel sito si monitora l\u2019evoluzione della foresta rilevando otto parametri biometrici a cadenza decennale. Dal 2008 \u00e8 in corso il monitoraggio della popolazione di Cervo volante. Dal 2012 nel sito \u00e8 stata installata una torre micrometeorologica per la misurazione dei flussi di ozono e di CO2 tra foresta, atmosfera e suolo.    <\/p>        <p style=\"text-align:center;\">      <img decoding=\"async\" src=\"https:\/\/deims.org\/sites\/default\/files\/photos\/VEN2Boscofontana.jpg\"width=\"640\" alt=\"The oak-hornbeam forest (photo by S. Hardersen).\" \/>    <\/p><br>          <\/div>  <div>    <b>Risorse correlate: <\/b><br>          <a href=\"https:\/\/deims.org\/dataset\/6cbe9be2-819b-11e2-b534-005056ab003f\" target=\"_blank\" rel=\"noopener noreferrer nofollow\">    IT_Forests_Air_Temperature<\/a><br>          <a href=\"https:\/\/deims.org\/dataset\/91e6a2be-8580-11e2-b534-005056ab003f\" target=\"_blank\" rel=\"noopener noreferrer nofollow\">    IT_Forests_Precipitation<\/a><br>          <a href=\"https:\/\/deims.org\/dataset\/c2ca9dc0-8668-11e2-b534-005056ab003f\" target=\"_blank\" rel=\"noopener noreferrer nofollow\">    IT_Forests_Deposition<\/a><br>          <a href=\"https:\/\/deims.org\/dataset\/dd2dd128-979d-11e2-b534-005056ab003f\" target=\"_blank\" rel=\"noopener noreferrer nofollow\">    IT_Ground Vegetation  Assessment<\/a><br>          <a href=\"https:\/\/deims.org\/dataset\/c2f86c51-06ae-4da2-8ba1-e98fee991167\" target=\"_blank\" rel=\"noopener noreferrer nofollow\">    IT_Biodiv_Lucanus cervus, Bosco Fontana<\/a><br>          <a href=\"https:\/\/deims.org\/dataset\/a98c638b-d180-4b53-94a1-bd10d815c38a\" target=\"_blank\" rel=\"noopener noreferrer nofollow\">    IT_Biodiv_Morimus, Bosco Fontana<\/a><br>          <a href=\"https:\/\/deims.org\/dataset\/23627b9d-037e-46a9-8f79-391d91bc4482\" target=\"_blank\" rel=\"noopener noreferrer nofollow\">    IT_Biodiv_Cerambyx cerdo, Bosco Fontana<\/a><br>          <a href=\"https:\/\/deims.org\/dataset\/f9070ad2-119e-4738-adbf-ce5393a7b95d\" target=\"_blank\" rel=\"noopener noreferrer nofollow\">    A spatio-temporal dataset of forest mensuration for the analysis of tree species structure and diversity in semi-natural mixed floodplain forests<\/a><br>        <\/div>    <\/div>","protected":false},"excerpt":{"rendered":"","protected":false},"author":2,"featured_media":3713,"parent":549,"menu_order":7,"comment_status":"closed","ping_status":"closed","template":"","meta":{"site-sidebar-layout":null,"site-content-layout":null,"ast-site-content-layout":"default","site-content-style":"default","site-sidebar-style":"default","ast-global-header-display":"","ast-banner-title-visibility":"","ast-main-header-display":null,"ast-hfb-above-header-display":null,"ast-hfb-below-header-display":null,"ast-hfb-mobile-header-display":null,"site-post-title":null,"ast-breadcrumbs-content":null,"ast-featured-img":null,"footer-sml-layout":null,"ast-disable-related-posts":"","theme-transparent-header-meta":null,"adv-header-id-meta":null,"stick-header-meta":null,"header-above-stick-meta":null,"header-main-stick-meta":null,"header-below-stick-meta":null,"astra-migrate-meta-layouts":"default","ast-page-background-enabled":"default","ast-page-background-meta":{"desktop":{"background-color":"var(--ast-global-color-4)","background-image":"","background-repeat":"repeat","background-position":"center center","background-size":"auto","background-attachment":"scroll","background-type":"","background-media":"","overlay-type":"","overlay-color":"","overlay-opacity":"","overlay-gradient":""},"tablet":{"background-color":"","background-image":"","background-repeat":"repeat","background-position":"center center","background-size":"auto","background-attachment":"scroll","background-type":"","background-media":"","overlay-type":"","overlay-color":"","overlay-opacity":"","overlay-gradient":""},"mobile":{"background-color":"","background-image":"","background-repeat":"repeat","background-position":"center center","background-size":"auto","background-attachment":"scroll","background-type":"","background-media":"","overlay-type":"","overlay-color":"","overlay-opacity":"","overlay-gradient":""}},"ast-content-background-meta":{"desktop":{"background-color":"var(--ast-global-color-5)","background-image":"","background-repeat":"repeat","background-position":"center center","background-size":"auto","background-attachment":"scroll","background-type":"","background-media":"","overlay-type":"","overlay-color":"","overlay-opacity":"","overlay-gradient":""},"tablet":{"background-color":"var(--ast-global-color-5)","background-image":"","background-repeat":"repeat","background-position":"center center","background-size":"auto","background-attachment":"scroll","background-type":"","background-media":"","overlay-type":"","overlay-color":"","overlay-opacity":"","overlay-gradient":""},"mobile":{"background-color":"var(--ast-global-color-5)","background-image":"","background-repeat":"repeat","background-position":"center center","background-size":"auto","background-attachment":"scroll","background-type":"","background-media":"","overlay-type":"","overlay-color":"","overlay-opacity":"","overlay-gradient":""}},"_mc_calendar":[],"footnotes":""},"categories":[159],"tags":[179,167],"class_list":["post-1446","page","type-page","status-publish","has-post-thumbnail","hentry","category-siti_di_ricerca","tag-siti","tag-terrestri"],"_links":{"self":[{"href":"https:\/\/www.lteritalia.it\/index.php?rest_route=\/wp\/v2\/pages\/1446","targetHints":{"allow":["GET"]}}],"collection":[{"href":"https:\/\/www.lteritalia.it\/index.php?rest_route=\/wp\/v2\/pages"}],"about":[{"href":"https:\/\/www.lteritalia.it\/index.php?rest_route=\/wp\/v2\/types\/page"}],"author":[{"embeddable":true,"href":"https:\/\/www.lteritalia.it\/index.php?rest_route=\/wp\/v2\/users\/2"}],"replies":[{"embeddable":true,"href":"https:\/\/www.lteritalia.it\/index.php?rest_route=%2Fwp%2Fv2%2Fcomments&post=1446"}],"version-history":[{"count":10,"href":"https:\/\/www.lteritalia.it\/index.php?rest_route=\/wp\/v2\/pages\/1446\/revisions"}],"predecessor-version":[{"id":7954,"href":"https:\/\/www.lteritalia.it\/index.php?rest_route=\/wp\/v2\/pages\/1446\/revisions\/7954"}],"up":[{"embeddable":true,"href":"https:\/\/www.lteritalia.it\/index.php?rest_route=\/wp\/v2\/pages\/549"}],"wp:featuredmedia":[{"embeddable":true,"href":"https:\/\/www.lteritalia.it\/index.php?rest_route=\/wp\/v2\/media\/3713"}],"wp:attachment":[{"href":"https:\/\/www.lteritalia.it\/index.php?rest_route=%2Fwp%2Fv2%2Fmedia&parent=1446"}],"wp:term":[{"taxonomy":"category","embeddable":true,"href":"https:\/\/www.lteritalia.it\/index.php?rest_route=%2Fwp%2Fv2%2Fcategories&post=1446"},{"taxonomy":"post_tag","embeddable":true,"href":"https:\/\/www.lteritalia.it\/index.php?rest_route=%2Fwp%2Fv2%2Ftags&post=1446"}],"curies":[{"name":"wp","href":"https:\/\/api.w.org\/{rel}","templated":true}]}}

<div>  <b>DEIMS-ID: </b><a href="https://deims.org/0585b394-faf2-4850-913f-6351aace73e4" target="_blank" rel="noopener noreferrer nofollow">https://deims.org/0585b394-faf2-4850-913f-6351aace73e4</a><br>  <b>Ultimo aggiornamento in DEIMS-SDR: </b> 12.09.2024<br></div><br>  <div>        <div>      <b>Contatti: </b>            <a href="mailto:gfdambrosiocnbf@outook.it" target="_blank">Gianfrancesco D&#039;ambrosio</a> <a href="" target="_blank"><img decoding="async"      src="/wordpress/wp-content/uploads/1024px-ORCID_iD.svg_.png" width="20"></a>      <br>      <b>Istituzione responsabile della gestione: </b>            <a href="https://www.carabinieri.it/chi-siamo/oggi/organizzazione/tutela-forestale-ambientale-e-agroalimentare/comando-tutela-biodiversita&#039;-e-parchi/utcb-e-le-130-riserve-naturali/utcb-di-verona/bosco-fontana" target="_blank" rel="noopener noreferrer nofollow">Centro Nazionale Carabinieri Biodiversit&agrave; (CNBC) Bosco Fontana</a> <a href="" target="_blank"><img decoding="async" src="/wordpress/wp-content/uploads/ROR_logo.svg_.png" width="30"></a>      <br>      <b>Istituzione finanziatrice: </b>            <a href="" target="_blank"></a> <a href="" target="_blank"><img decoding="async" src="/wordpress/wp-content/uploads/ROR_logo.svg_.png" width="30"></a>      <br>    </div>      <div>    <br>    <b>Descrizione sito: </b>        <p style="text-align:justify;">      Il sito di ricerca si colloca all’interno della Riserva Naturale Statale “Bosco della Fontana”, nella bassa Pianura Padana in prossimità di Mantova e rappresenta un tipico ambiente residuale. Infatti, è uno degli ultimi relitti di una foresta molto più vasta che si estendeva, a metà del XVII secolo, per 1200 ettari ed era in connessione con le foreste ripariali del Mincio e quelle moreniche del Garda. Dal 1995, nel sito si monitora l’evoluzione della foresta rilevando otto parametri biometrici a cadenza decennale. Dal 2008 è in corso il monitoraggio della popolazione di Cervo volante. Dal 2012 nel sito è stata installata una torre micrometeorologica per la misurazione dei flussi di ozono e di CO2 tra foresta, atmosfera e suolo.    </p>        <p style="text-align:center;">      <img decoding="async" src="https://deims.org/sites/default/files/photos/VEN2Boscofontana.jpg"width="640" alt="The oak-hornbeam forest (photo by S. Hardersen)." />    </p><br>          </div>  <div>    <b>Risorse correlate: </b><br>          <a href="https://deims.org/dataset/6cbe9be2-819b-11e2-b534-005056ab003f" target="_blank" rel="noopener noreferrer nofollow">    IT_Forests_Air_Temperature</a><br>          <a href="https://deims.org/dataset/91e6a2be-8580-11e2-b534-005056ab003f" target="_blank" rel="noopener noreferrer nofollow">    IT_Forests_Precipitation</a><br>          <a href="https://deims.org/dataset/c2ca9dc0-8668-11e2-b534-005056ab003f" target="_blank" rel="noopener noreferrer nofollow">    IT_Forests_Deposition</a><br>          <a href="https://deims.org/dataset/dd2dd128-979d-11e2-b534-005056ab003f" target="_blank" rel="noopener noreferrer nofollow">    IT_Ground Vegetation  Assessment</a><br>          <a href="https://deims.org/dataset/c2f86c51-06ae-4da2-8ba1-e98fee991167" target="_blank" rel="noopener noreferrer nofollow">    IT_Biodiv_Lucanus cervus, Bosco Fontana</a><br>          <a href="https://deims.org/dataset/a98c638b-d180-4b53-94a1-bd10d815c38a" target="_blank" rel="noopener noreferrer nofollow">    IT_Biodiv_Morimus, Bosco Fontana</a><br>          <a href="https://deims.org/dataset/23627b9d-037e-46a9-8f79-391d91bc4482" target="_blank" rel="noopener noreferrer nofollow">    IT_Biodiv_Cerambyx cerdo, Bosco Fontana</a><br>          <a href="https://deims.org/dataset/f9070ad2-119e-4738-adbf-ce5393a7b95d" target="_blank" rel="noopener noreferrer nofollow">    A spatio-temporal dataset of forest mensuration for the analysis of tree species structure and diversity in semi-natural mixed floodplain forests</a><br>        </div>    </div>
