{"id":1331,"date":"2023-11-17T00:03:00","date_gmt":"2023-11-16T23:03:00","guid":{"rendered":"http:\/\/155.253.20.24\/wordpress\/?page_id=1331"},"modified":"2026-02-02T08:25:09","modified_gmt":"2026-02-02T07:25:09","slug":"monte-rufeno-laz1","status":"publish","type":"page","link":"https:\/\/www.lteritalia.it\/?page_id=1331","title":{"rendered":"Monte Rufeno (LAZ1)"},"content":{"rendered":"\n<div>  <b>DEIMS-ID: <\/b><a href=\"https:\/\/deims.org\/05e96829-e64a-48d3-a96d-de2aa4cde146\" target=\"_blank\" rel=\"noopener noreferrer nofollow\">https:\/\/deims.org\/05e96829-e64a-48d3-a96d-de2aa4cde146<\/a><br>  <b>Ultimo aggiornamento in DEIMS-SDR: <\/b> 07.01.2025<br><\/div><br>  <div>        <div>      <b>Contatti: <\/b>            <a href=\"mailto:c.cocciufa@forestale.carabinieri.it\" target=\"_blank\">Cristiana Cocciufa<\/a> <a href=\"\" target=\"_blank\"><img decoding=\"async\"      src=\"\/wordpress\/wp-content\/uploads\/1024px-ORCID_iD.svg_.png\" width=\"20\"><\/a>            <a href=\"mailto:g.papitto@forestale.carabinieri.it\" target=\"_blank\">Giancarlo Papitto<\/a> <a href=\"\" target=\"_blank\"><img decoding=\"async\"      src=\"\/wordpress\/wp-content\/uploads\/1024px-ORCID_iD.svg_.png\" width=\"20\"><\/a>      <br>      <b>Istituzione responsabile della gestione: <\/b>            <a href=\"https:\/\/www.carabinieri.it\/chi-siamo\/oggi\/organizzazione\/tutela-forestale-ambientale-e-agroalimentare\" target=\"_blank\" rel=\"noopener noreferrer nofollow\">Carabinieri, Forest and Environmental Protection Dpt.<\/a> <a href=\"https:\/\/ror.org\/04s1a2p79\" target=\"_blank\" rel=\"noopener noreferrer nofollow\"><img decoding=\"async\" src=\"\/wordpress\/wp-content\/uploads\/ROR_logo.svg_.png\" width=\"30\"><\/a>      <br>      <b>Istituzione finanziatrice: <\/b>            <a href=\"\" target=\"_blank\">Arma dei Carabinieri Comando per la Tutela della Biodiversit&agrave; e dei Parchi &#8211; Ufficio Studi e Progetti<\/a> <a href=\"\" target=\"_blank\"><img decoding=\"async\" src=\"\/wordpress\/wp-content\/uploads\/ROR_logo.svg_.png\" width=\"30\"><\/a>      <br>    <\/div>      <div>    <br>    <b>Descrizione sito: <\/b>        <p style=\"text-align:justify;\">      Il sito di ricerca si trova nel bosco di Monte Rufeno, in provincia di Viterbo, ed \u00e8 situato a circa 690 metri sul livello del mare. Si tratta del tipico paesaggio collinare dell\u2019alto Lazio, che in passato \u00e8 stato sfruttato intensamente dall\u2019uomo. Il territorio \u00e8 caratterizzato da carenza di acqua e da fenomeni franosi. Il sito di monitoraggio \u00e8 stato istituito nel 1995 e le attivit\u00e0 svolte riguardano la valutazione della condizione delle chiome degli alberi, le analisi chimiche delle soluzioni presenti nei suoli, l\u2019analisi dei nutrienti fogliari, le deposizioni, la concentrazione di ozono, le condizioni meteo, la diversit\u00e0 vegetale, gli accrescimenti arborei e la lettiera. Sono particolarmente interessanti gli studi che riguardano la diversit\u00e0 dei licheni epifiti per i quali il sito di Monte Rufeno \u00e8 risultato quello con con maggiori valori di biodiversit\u00e0 nel 2019.     <\/p>        <p style=\"text-align:center;\">      <img decoding=\"async\" src=\"https:\/\/deims.org\/sites\/default\/files\/photos\/monte-rufeno-laz1-italy_6534.jpg\"width=\"640\" alt=\"View inside Monte Rufeno LAZ1 research plot\" \/>    <\/p><br>        <p style=\"text-align:center;\">      <img decoding=\"async\" src=\"https:\/\/deims.org\/sites\/default\/files\/photos\/monte-rufeno-laz1-italy_6535.jpg\"width=\"640\" alt=\"Open field meteo station at Monte Rufeno LAZ1 research plot\" \/>    <\/p><br>          <\/div>  <div>    <b>Risorse correlate: <\/b><br>          <a href=\"https:\/\/deims.org\/dataset\/e6ada5c2-d386-450c-b1d5-908ed45b0677\" target=\"_blank\" rel=\"noopener noreferrer nofollow\">    LTER Monte Rufeno, Italy, Vegetation data 1999-2016 <\/a><br>          <a href=\"https:\/\/deims.org\/dataset\/882c0ae8-e8b5-4cc6-91f2-c8b0d39a4366\" target=\"_blank\" rel=\"noopener noreferrer nofollow\">    LTER Monte Rufeno LAZ1, Italy, Precipitation and throughfall data 1997-2017<\/a><br>        <\/div>    <\/div>","protected":false},"excerpt":{"rendered":"","protected":false},"author":2,"featured_media":3713,"parent":549,"menu_order":10,"comment_status":"closed","ping_status":"closed","template":"","meta":{"site-sidebar-layout":null,"site-content-layout":null,"ast-site-content-layout":null,"site-content-style":null,"site-sidebar-style":null,"ast-global-header-display":"","ast-banner-title-visibility":"","ast-main-header-display":null,"ast-hfb-above-header-display":null,"ast-hfb-below-header-display":null,"ast-hfb-mobile-header-display":null,"site-post-title":null,"ast-breadcrumbs-content":null,"ast-featured-img":null,"footer-sml-layout":null,"ast-disable-related-posts":"","theme-transparent-header-meta":null,"adv-header-id-meta":null,"stick-header-meta":null,"header-above-stick-meta":null,"header-main-stick-meta":null,"header-below-stick-meta":null,"astra-migrate-meta-layouts":"default","ast-page-background-enabled":"default","ast-page-background-meta":{"desktop":{"background-color":"var(--ast-global-color-4)","background-image":"","background-repeat":"repeat","background-position":"center center","background-size":"auto","background-attachment":"scroll","background-type":"","background-media":"","overlay-type":"","overlay-color":"","overlay-opacity":"","overlay-gradient":""},"tablet":{"background-color":"","background-image":"","background-repeat":"repeat","background-position":"center center","background-size":"auto","background-attachment":"scroll","background-type":"","background-media":"","overlay-type":"","overlay-color":"","overlay-opacity":"","overlay-gradient":""},"mobile":{"background-color":"","background-image":"","background-repeat":"repeat","background-position":"center center","background-size":"auto","background-attachment":"scroll","background-type":"","background-media":"","overlay-type":"","overlay-color":"","overlay-opacity":"","overlay-gradient":""}},"ast-content-background-meta":{"desktop":{"background-color":"var(--ast-global-color-5)","background-image":"","background-repeat":"repeat","background-position":"center center","background-size":"auto","background-attachment":"scroll","background-type":"","background-media":"","overlay-type":"","overlay-color":"","overlay-opacity":"","overlay-gradient":""},"tablet":{"background-color":"var(--ast-global-color-5)","background-image":"","background-repeat":"repeat","background-position":"center center","background-size":"auto","background-attachment":"scroll","background-type":"","background-media":"","overlay-type":"","overlay-color":"","overlay-opacity":"","overlay-gradient":""},"mobile":{"background-color":"var(--ast-global-color-5)","background-image":"","background-repeat":"repeat","background-position":"center center","background-size":"auto","background-attachment":"scroll","background-type":"","background-media":"","overlay-type":"","overlay-color":"","overlay-opacity":"","overlay-gradient":""}},"_mc_calendar":[],"footnotes":""},"categories":[159],"tags":[179,167],"class_list":["post-1331","page","type-page","status-publish","has-post-thumbnail","hentry","category-siti_di_ricerca","tag-siti","tag-terrestri"],"_links":{"self":[{"href":"https:\/\/www.lteritalia.it\/index.php?rest_route=\/wp\/v2\/pages\/1331","targetHints":{"allow":["GET"]}}],"collection":[{"href":"https:\/\/www.lteritalia.it\/index.php?rest_route=\/wp\/v2\/pages"}],"about":[{"href":"https:\/\/www.lteritalia.it\/index.php?rest_route=\/wp\/v2\/types\/page"}],"author":[{"embeddable":true,"href":"https:\/\/www.lteritalia.it\/index.php?rest_route=\/wp\/v2\/users\/2"}],"replies":[{"embeddable":true,"href":"https:\/\/www.lteritalia.it\/index.php?rest_route=%2Fwp%2Fv2%2Fcomments&post=1331"}],"version-history":[{"count":8,"href":"https:\/\/www.lteritalia.it\/index.php?rest_route=\/wp\/v2\/pages\/1331\/revisions"}],"predecessor-version":[{"id":7952,"href":"https:\/\/www.lteritalia.it\/index.php?rest_route=\/wp\/v2\/pages\/1331\/revisions\/7952"}],"up":[{"embeddable":true,"href":"https:\/\/www.lteritalia.it\/index.php?rest_route=\/wp\/v2\/pages\/549"}],"wp:featuredmedia":[{"embeddable":true,"href":"https:\/\/www.lteritalia.it\/index.php?rest_route=\/wp\/v2\/media\/3713"}],"wp:attachment":[{"href":"https:\/\/www.lteritalia.it\/index.php?rest_route=%2Fwp%2Fv2%2Fmedia&parent=1331"}],"wp:term":[{"taxonomy":"category","embeddable":true,"href":"https:\/\/www.lteritalia.it\/index.php?rest_route=%2Fwp%2Fv2%2Fcategories&post=1331"},{"taxonomy":"post_tag","embeddable":true,"href":"https:\/\/www.lteritalia.it\/index.php?rest_route=%2Fwp%2Fv2%2Ftags&post=1331"}],"curies":[{"name":"wp","href":"https:\/\/api.w.org\/{rel}","templated":true}]}}